 6) to base 8.
77534
Convert 2001021 (base 4) to base 10.
8265
Convert -212d (base 15) to base 11.
-5300
1913 (base 11) to base 5
34214
What is -111111111101 (base 2) in base 16?
-ffd
Convert -2010021010 (base 3) to base 14.
-112db
Convert 1333214 (base 5) to base 14.
9d49
Convert -1111010010101000 (base 2) to base 16.
-f4a8
What is -123320 (base 6) in base 7?
-44316
Convert 4b5 (base 13) to base 8.
1470
What is 436 (base 9) in base 16?
165
What is -3173 (base 8) in base 2?
-11001111011
What is -1e84 (base 16) in base 10?
-7812
What is 5461 (base 7) in base 10?
1954
Convert -2546 (base 9) to base 16.
-771
What is 1453 (base 6) in base 5?
3033
1211112 (base 3) to base 13
7bb
319 (base 12) to base 13
28b
What is c60c (base 14) in base 4?
20111010
-8ba4 (base 13) to base 7
-111024
What is -11313 (base 12) in base 8?
-54577
Convert -23013032 (base 4) to base 10.
-45518
Convert -137 (base 13) to base 6.
-555
What is 223b (base 14) in base 3?
22010202
634 (base 11) to base 3
1001021
Convert -cea (base 16) to base 9.
-4473
Convert -10334 (base 5) to base 13.
-434
113255 (base 6) to base 5
303302
Convert 7715 (base 8) to base 9.
5484
Convert 2454 (base 6) to base 14.
318
-11201000 (base 3) to base 5
-102204
-512 (base 15) to base 6
-5142
Convert 20122022 (base 3) to base 7.
20054
-3227 (base 9) to base 11
-1869
Convert -1a481 (base 13) to base 15.
-1030c
-2098 (base 12) to base 10
-3572
Convert 13301 (base 4) to base 9.
612
-23223002 (base 4) to base 7
-256250
What is 1e2b (base 15) in base 7?
25100
-4920 (base 14) to base 15
-3bb3
-1102 (base 11) to base 8
-2656
Convert 2134213 (base 5) to base 16.
8fc8
What is -413 (base 11) in base 3?
-200110
What is 4305 (base 6) in base 11?
809
Convert -10 (base 7) to base 9.
-7
What is -1b94 (base 15) in base 6?
-43421
Convert -70 (base 13) to base 10.
-91
Convert -141 (base 13) to base 7.
-435
5240 (base 6) to base 3
1121120
-10200001 (base 4) to base 3
-221021201
What is 1079 (base 12) in base 7?
5211
What is -15547 (base 10) in base 8?
-36273
What is -2442 (base 8) in base 4?
-110202
Convert 623 (base 11) to base 2.
1011101111
148b2 (base 12) to base 7
150233
22000 (base 4) to base 15
2ca
Convert -2200111 (base 3) to base 7.
-5464
-21c (base 14) to base 4
-12202
What is -bc (base 15) in base 6?
-453
Convert -1116 (base 12) to base 13.
-b25
What is 12a0 (base 16) in base 7?
16621
-2913 (base 13) to base 5
-142211
What is 122122 (base 3) in base 2?
111011100
Convert 3105 (base 13) to base 5.
204030
What is 41662 (base 8) in base 11?
12025
What is -975 (base 10) in base 3?
-1100010
Convert -495a (base 13) to base 6.
-120024
Convert -3007 (base 8) to base 12.
-a87
1011000101 (base 2) to base 13
427
What is -53040 (base 6) in base 12?
-4180
What is 1422 (base 9) in base 4?
100301
What is 31325 (base 6) in base 7?
15221
101011101111010 (base 2) to base 14
8238
Convert -34554 (base 7) to base 9.
-13133
-513 (base 13) to base 10
-861
What is -34260 (base 8) in base 2?
-11100010110000
Convert 13641 (base 13) to base 7.
210411
Convert 110100000110 (base 2) to base 13.
1696
Convert -45243 (base 6) to base 5.
-200423
Convert -30320 (base 4) to base 11.
-68a
-1574 (base 8) to base 6
-4044
Convert -56205 (base 7) to base 16.
-3756
What is 1221 (base 3) in base 10?
52
What is -9f2 (base 16) in base 14?
-cdc
What is 590 (base 11) in base 5?
10304
Convert -301 (base 5) to base 12.
-64
Convert 5aa (base 15) to base 14.
67b
Convert -1111012210 (base 3) to base 13.
-10461
Convert -250356 (base 7) to base 13.
-17b08
What is 1100110000 (base 2) in base 13?
4aa
18cc0 (base 13) to base 9
73250
Convert -4078 (base 16) to base 2.
-100000001111000
What is -208 (base 11) in base 6?
-1054
Convert 2a0 (base 13) to base 3.
122100
What is -20434 (base 6) in base 16?
-ac6
Convert 101101001101010 (base 2) to base 4.
11221222
Convert a8 (base 14) to base 3.
12111
55182 (base 9) to base 13
1387a
Convert 122424 (base 6) to base 11.
8264
-2bc1b (base 13) to base 14
-2252d
Convert 1255 (base 8) to base 9.
841
Convert 89 (base 12) to base 2.
1101001
60 (base 8) to base 14
36
1233120 (base 5) to base 8
57140
What is 13510 (base 6) in base 4?
201102
What is 4120 (base 5) in base 6?
2251
Convert -339 (base 15) to base 8.
-1331
Convert 1011001 (base 3) to base 14.
43c
Convert 618 (base 13) to base 14.
53d
Convert 16434 (base 7) to base 2.
1001001001000
What is 5457 (base 12) in base 7?
36031
What is 16 (base 8) in base 3?
112
-66062 (base 8) to base 5
-1341243
What is -22410 (base 9) in base 12?
-8769
What is -21111201 (base 3) in base 13?
-2650
What is -80414 (base 9) in base 3?
-2200110111
What is -b2d (base 15) in base 16?
-9d6
339 (base 10) to base 11
289
What is 3a29 (base 11) in base 7?
21155
15541 (base 7) to base 12
265a
-98c (base 13) to base 7
-4526
-511 (base 10) to base 3
-200221
Convert -277 (base 12) to base 14.
-1d1
-33630 (base 8) to base 6
-145520
20212 (base 3) to base 16
b9
Convert -1032121 (base 4) to base 14.
-1b85
What is 81e (base 15) in base 7?
5222
What is 172 (base 8) in base 12?
a2
Convert -34655 (base 7) to base 12.
-51a5
What is -2100210 (base 3) in base 12?
-bb6
What is -5342 (base 12) in base 2?
-10001110100010
-7538 (base 12) to base 10
-12860
Convert 1932 (base 13) to base 8.
7257
213 (base 15) to base 12
330
Convert 362 (base 9) to base 6.
1215
Convert -2202032 (base 4) to base 14.
-3ad8
10010011000100 (base 2) to base 15
2bc7
What is 2210100 (base 3) in base 12?
1216
Convert 2000010 (base 5) to base 15.
93da
-465 (base 13) to base 4
-23313
Convert -1251 (base 6) to base 4.
-10333
What is 1001011110 (base 2) in base 5?
4411
-830 (base 12) to base 14
-60c
What is 3213 (base 5) in base 10?
433
4507 (base 10) to base 16
119b
What is 849a (base 13) in base 9?
27181
What is 11120110 (base 3) in base 11?
2560
What is -312513 (base 7) in base 8?
-151003
What is 9565 (base 11) in base 6?
134331
Convert 1030 (base 8) to base 15.
25b
What is -2112 (base 6) in base 10?
-476
What is 77a (base 12) in base 3?
1111211
What is -b33 (base 12) in base 15?
-733
5332 (base 9) to base 15
1262
-e46 (base 16) to base 13
-1881
What is -410 (base 7) in base 5?
-1303
Convert -b70 (base 12) to base 13.
-9b4
What is -8a5 (base 16) in base 5?
-32323
Convert -2657 (base 9) to base 11.
-1555
Convert 1013204 (base 5) to base 4.
10010213
Convert -154 (base 7) to base 5.
-323
11102110 (base 3) to base 2
110010011001
What is -26c (base 13) in base 8?
-654
What is 11001121 (base 3) in base 7?
11425
Convert -120210002 (base 3) to base 4.
-2303300
What is -2232331 (base 4) in base 6?
-123501
What is -24080 (base 9) in base 3?
-211002200
What is -2122100011 (base 3) in base 4?
-30230212
Convert 4353 (base 8) to base 4.
203223
Convert -1da (base 16) to base 11.
-3a1
944 (base 16) to base 4
211010
Convert -482d (base 14) to base 8.
-30451
Convert 1010011111000 (base 2) to base 14.
1d56
-1110110101000 (base 2) to base 8
-16650
Convert -2969 (base 13) to base 9.
-8208
-7055 (base 10) to base 4
-1232033
Convert 10011001110 (base 2) to base 4.
103032
Convert 6502 (base 8) to base 10.
3394
What is -130342 (base 6) in base 13?
-54a7
Convert -77 (base 13) to base 2.
-1100010
-10000110001 (base 2) to base 8
-2061
Convert 14221 (base 9) to base 2.
10010110111010
Convert 3008 (base 11) to base 12.
2395
11311 (base 10) to base 13
51c1
-2373 (base 8) to base 16
-4fb
Convert 100000110010111 (base 2) to base 8.
40627
What is 3349 (base 11) in base 14?
186d
Convert bac0 (base 15) to base 9.
60230
Convert 20022121 (base 3) to base 7.
16300
37b (base 13) to base 14
317
What is 101100101101 (base 2) in base 14?
1085
-11203 (base 5) to base 2
-1100100011
What is 10101010100100 (base 2) in base 9?
15868
What is -19966 (base 10) in base 6?
-232234
Convert -44638 (base 10) to base 3.
-2021020021
Convert 9c2 (base 14) to base 13.
b5a
-10101010101010 (base 2) to base 13
-4c82
Convert 11451 (base 7) to base 11.
2266
1269 (base 10) to base 8
2365
What is -213352 (base 7) in base 12?
-19664
What is a8d (base 15) in base 6?
15011
What is 7 (base 11) in base 6?
11
Convert -1203231 (base 6) to base 8.
-172743
Convert 101000111001 (base 2) to base 15.
b97
Convert -80a (base 11) to base 3.
-1100020
2282 (base 11) to base 10
2994
What is -1db (base 14) in base 12?
-285
-727 (base 16) to